0011101
In base 7, what is -2115531555 - 3?
-2115531561
In base 14, what is -412b - 91?
-41bc
In base 12, what is 12666 - -6385?
18a2b
In base 2, what is -111 - -1011110010010111000?
1011110010010110001
In base 11, what is -566020 - 4?
-566024
In base 4, what is -10 + 2021030323030?
2021030323020
In base 12, what is 6b03788 + 10?
6b03798
In base 11, what is aaa70 + 893?
100853
In base 7, what is -5301056 + 333?
-5300423
In base 9, what is 335 - -1051707?
1052143
In base 9, what is -2067626688 + 0?
-2067626688
In base 14, what is 1 + -3bc5813?
-3bc5812
In base 3, what is 1021210000201 + 1221?
1021210002122
In base 5, what is 1003442114 - 312?
1003441302
In base 14, what is 178d7c + 100?
17907c
In base 16, what is -67690 + -a7d?
-6810d
In base 4, what is -2 - -312222222022?
312222222020
In base 4, what is -10120310333232 - -10?
-10120310333222
In base 15, what is -b5 - -18454?
1838e
In base 5, what is -44 + -32132123103?
-32132123202
In base 13, what is -3 + -2947a4?
-2947a7
In base 11, what is 2 - 4107283?
-4107281
In base 10, what is -277127 + -423?
-277550
In base 3, what is 1020122021 + -201120?
1012220201
In base 3, what is -12 - 11211111111221200?
-11211111111221212
In base 7, what is 364326405 + -6?
364326366
In base 16, what is 5 - 815de9?
-815de4
In base 5, what is -331 - -430440231?
430434400
In base 15, what is -201e + 1662?
-8ac
In base 11, what is 3623 - 21339?
-18816
In base 16, what is -2e + -2c14f?
-2c17d
In base 4, what is 3030202 - -1001030?
10031232
In base 15, what is -3 - 1e0e23a?
-1e0e23d
In base 7, what is 163531612 + -12?
163531600
In base 11, what is -33a2 + -175a2?
-1a994
In base 13, what is 955 + -687?
29b
In base 11, what is -8093429 + -3?
-8093431
In base 15, what is -8b05 - 456?
-905b
In base 5, what is 210124 + -21322?
133302
In base 2, what is -111111110110100101 - -1001011?
-111111110101011010
In base 3, what is -12111212101220 - -22?
-12111212101121
In base 5, what is -10 + -41104430043?
-41104430103
In base 6, what is -4 + -2305555?
-2310003
In base 4, what is -103031 - 3012212?
-3121303
In base 13, what is 746a8 - -16?
746c1
In base 7, what is -2110623 - -1?
-2110622
In base 11, what is 1614 - 6660?
-5047
In base 4, what is 3020102023213 + 3?
3020102023222
In base 5, what is 1 - -234030024?
234030030
In base 4, what is 10 - 21103033021032?
-21103033021022
In base 11, what is -2 + 2406274?
2406272
In base 16, what is -f4 - -1f1b?
1e27
In base 11, what is 429802 + -74?
429739
In base 5, what is 3244114434 + 122?
3244120111
In base 5, what is 1110 + -101400001?
-101343341
In base 11, what is -76a9 + -32?
-7730
In base 9, what is 2383 - -35812?
38305
In base 9, what is -3116173 - -10?
-3116163
In base 9, what is 0 - -10576531?
10576531
In base 13, what is 7abc48a + 2?
7abc48c
In base 15, what is -7bd504b - -1?
-7bd504a
In base 13, what is cb - 2221a?
-2211c
In base 9, what is -250 - 4717?
-5067
In base 9, what is 823231238 - -4?
823231243
In base 12, what is b393 - -1a57?
1122a
In base 6, what is -13 + -5000135?
-5000152
In base 10, what is 5205 - 36284?
-31079
In base 16, what is -5 - 172b113?
-172b118
In base 9, what is 318741 - 7077?
311653
In base 6, what is 20522000 + 21?
20522021
In base 16, what is -5658ab + -5?
-5658b0
In base 9, what is -3 + -13650567?
-13650571
In base 2, what is -1001001100000111110001 - 10101100?
-1001001100001010011101
In base 5, what is -1022401413 + -2113?
-1022404031
In base 10, what is -27 + 24663?
24636
In base 11, what is 28733aa - -7?
2873406
In base 16, what is -149be + 288?
-14736
In base 13, what is -1109 - 281a?
-3926
In base 7, what is -1 + -503340140?
-503340141
In base 11, what is 8 - -6615371?
6615379
In base 12, what is 577 - 183?
3b4
In base 10, what is -31584 - -622?
-30962
In base 3, what is 10 - -12012100201210211?
12012100201210221
In base 3, what is 220122 - 10001202021?
-10000211122
In base 5, what is -1 - -2231242420?
2231242414
In base 9, what is 0 - -1256810?
1256810
In base 11, what is -1 + aa45a1?
aa45a0
In base 7, what is 3015651 - 1224?
3014424
In base 15, what is 4b + 4e370d?
4e3759
In base 2, what is -11111000110001110001 - 10011?
-11111000110010000100
In base 7, what is -4 + -50224120?
-50224124
In base 5, what is -1144410 - 3132?
-1203042
In base 16, what is -ff5afe + 1?
-ff5afd
In base 9, what is -5 - 108608445?
-108608451
In base 12, what is 53 + 11b5?
1248
In base 14, what is -207b91b + -5?
-207b922
In base 11, what is 11 - -645024?
645035
In base 4, what is -23113033022 + -120?
-23113033202
In base 12, what is 1a71 + -8368?
-64b7
In base 7, what is 2551162 - 21?
2551141
In base 9, what is -506 + 1084351?
1083744
In base 6, what is -244343 + 230?
-244113
In base 15, what is -4d + -26e9d?
-26eeb
In base 3, what is 10010220212202 + -22?
10010220212110
In base 13, what is -162231 + 236?
-161cc8
In base 15, what is c5ddb0 - -d?
c5ddbd
In base 3, what is 211102221000100 - -2?
211102221000102
In base 14, what is -1 - -15452a5?
15452a4
In base 13, what is -51092 + -8c?
-51151
In base 2, what is 10011011011000100110010 + -1?
10011011011000100110001
In base 11, what is -15a05 - -298?
-15718
In base 10, what is 167 + 148523?
148690
In base 6, what is 14211213020 + -12?
14211213004
In base 6, what is -3 - 513055312?
-513055315
In base 5, what is 204300 - -42324?
302124
In base 12, what is 93ba95b - 2?
93ba959
In base 3, what is 121012 + 122000022221?
122000221010
In base 16, what is 45e49 + -2eb?
45b5e
In base 9, what is 3170 - 25158?
-21878
In base 9, what is -527 + -216706?
-217334
In base 16, what is -f + -394e0?
-394ef
In base 14, what is 81431807 + -5?
81431802
In base 5, what is 40104410002 + 0?
40104410002
In base 3, what is 210 + -1210000100020?
-1210000022110
In base 11, what is -56 + -3738?
-3793
In base 7, what is 42 - -2132314?
2132356
In base 10, what is -14 + 783800?
783786
In base 12, what is -299 - -21438?
2115b
In base 12, what is -1058b8 - -37?
-105881
In base 10, what is -3363817 + -11?
-3363828
In base 11, what is -990 - -253a2?
24512
In base 16, what is fb2 - -148f?
2441
In base 4, what is -1 - 22211111022?
-22211111023
In base 3, what is 1201 + 120112100102?
120112102010
In base 14, what is -3 + d7924d?
d7924a
In base 9, what is -5620 + -18354?
-25074
In base 3, what is 10 - 2121122110011221?
-2121122110011211
In base 13, what is -36 + -871236?
-87126c
In base 5, what is 222 + 11202142?
11202414
In base 16, what is 1253d591 + 3?
1253d594
In base 10, what is -13890019 + 4?
-13890015
In base 13, what is -7c13 - -171a?
-64c6
In base 10, what is 20517617 + -1?
20517616
In base 14, what is 2364 + 3716?
5a7a
In base 3, what is -1011201211022022 + -20?
-1011201211022112
In base 4, what is -2 - 230033311012?
-230033311020
In base 8, what is 13050 - 2701?
10147
In base 7, what is 4 + -26654305?
-26654301
In base 10, what is -791695 + -19?
-791714
In base 9, what is 58886232 - 17?
58886214
In base 6, what is 34432141 + 2400?
34434541
In base 12, what is 6 - 745008?
-745002
In base 11, what is -226 + -294460?
-294686
In base 10, what is -8206 - -2082?
-6124
In base 4, what is -3033 - -10332031?
10322332
In base 13, what is -127b0 + 61c8?
-95b5
In base 5, what is 322301121401 - -2?
322301121403
In base 12, what is a70a - 6426?
42a4
In base 15, what is -19b21 - a0d?
-1a62e
In base 11, what is 905 + 342?
1147
In base 2, what is 101 + -10011100100001100111?
-10011100100001100010
In base 13, what is 326 - 589b?
-5575
In base 10, what is 9 + -4399159?
-4399150
In base 13, what is 2424b51a + 4?
2424b521
In base 10, what is -11 - 982741?
-982752
In base 4, what is -20122 + -2022020?
-2102202
In base 7, what is -126306 + -4202?
-133511
In base 7, what is 54 + -56043422?
-56043335
In base 3, what is -12220 + 1011101220022?
1011101200102
In base 4, what is -211 + 1021300210133?
1021300203322
In base 6, what is 41 + 10014022?
10014103
In base 16, what is 2 - 10b7a?
-10b78
In base 4, what is -121331003212 - 3?
-121331003221
In base 2, what is 1011110011111000001011110 - -10111?
1011110011111000001110101
In base 7, what is 20134560 + -263?
20134264
In base 11, what is 188 + -141804?
-141627
In base 2, what is 110100100110100101011 + -11000?
110100100110100010011
In base 2, what is 101 - 1111101111100111110100?
-1111101111100111101111
In base 5, what is -2 -